 c + 34. Let g be j(0). Let u = g + -9. What is the remainder when u is divided by r?
7
Let n = 7 - 4. Suppose 2*s - 18 = -4. Let x = 11 - s. Calculate the remainder when x is divided by n.
1
Suppose 0*w + 3*w - 45 = 0. Suppose -37 = -3*u + 11. Suppose 0 = -y + 12 + u. What is the remainder when y is divided by w?
13
Suppose 0 = 2*b - 4*p - 22, -2*b + 2*p + 18 = -p. Suppose -3 + 174 = b*q. What is the remainder when q is divided by 15?
12
Let s(i) = -2*i - 1. Let g be (-2)/5 - (-14)/10. Let x be s(g). Calculate the remainder when 18 is divided by (x*5)/((-9)/6).
8
Suppose n = -8 - 0. Suppose 0 = -4*w + 5 + 39. Calculate the remainder when (-250)/n - 1/4 is divided by w.
9
Let r(i) = 0*i**2 - 2*i**2 - 2*i + 4 + i**3 + 0. Suppose -5*w + 47 - 15 = 2*m, 0 = 2*m + 4*w - 36. Calculate the remainder when m is divided by r(3).
5
Let z = 43 + 43. What is the remainder when z is divided by 22?
20
Suppose 10*v - 5*v - 10 = 0. Let y(q) = -v + 23*q**3 - 24*q**3 + 6*q**2 - 1 - 2*q. What is the remainder when 21 is divided by y(5)?
9
Let r(z) = -2*z - 8. Let d be r(-7). Calculate the remainder when 45 is divided by 6/(-9) - (-142)/d.
22
Let b(a) = -a**3 - 4*a**2 + 6*a - 2. Let u be b(-6). Suppose -i + 2*i = 4*j - 19, 4*j - u = -2*i. What is the remainder when 100/6 + (-4)/6 is divided by j?
4
Suppose -5*s + y + 0 + 2 = 0, -2*s - 3*y - 6 = 0. Let a = s - -19. Calculate the remainder when 37 is divided by a.
18
Let a = -11 + 23. Let s be (-833)/(-4) - a/(-16). Suppose 0 = -4*v - 53 + s. What is the remainder when v is divided by 14?
11
Let f(a) be the third derivative of -a**5/60 - a**4/6 - a**3/3 - 2*a**2. What is the remainder when 2 is divided by f(-2)?
0
Let g = 8 + -4. What is the remainder when 7 is divided by g?
3
Suppose 3*g - 4*g = 0. Suppose g = 2*p + x - 50, 4*x = -4*p + 6*x + 92. What is the remainder when p is divided by 13?
11
Let w = -57 + 80. Suppose -2*z + w = 3*p, 0 = z - 2*p - 5 - 3. Calculate the remainder when (-38)/(-2)*(-2)/(-2) is divided by z.
9
Let z(o) = -5*o + 7. Let g be z(2). What is the remainder when ((-1)/g)/(1/114) is divided by 13?
12
Suppose 0 = -i - 2, 0 = 2*x - 0*x - 4*i - 18. What is the remainder when 11 is divided by x?
1
Let q = -13 + 30. Calculate the remainder when 49 is divided by q.
15
Let c = 38 + -23. What is the remainder when 72 is divided by c?
12
Calculate the remainder when 9 is divided by (15/35)/((-2)/(-14)).
0
Suppose -20 = -n + 6. Let l(f) = f + 8. Let c be l(-6). Suppose -29 = -3*p - c. What is the remainder when n is divided by p?
8
Let k(u) = 3*u**2 - u - 4. Let c(z) = z**3 - 7*z**2 + 2*z - 3. What is the remainder when c(8) is divided by k(3)?
17
Suppose -a + 17 = -4*o - 30, -2*a + 94 = o. Suppose 46 = 4*c + 2*x, 5*c + 3 = x + 64. What is the remainder when a is divided by c?
11
Suppose 3*o = 5*t + 29, -7*o + 6*o - 4*t = -4. What is the remainder when 17 is divided by o?
1
Suppose 8*a = 4*a + 12. Calculate the remainder when 31 is divided by 20 + a + -3 - 4.
15
Let a(w) = -w**2 + 4*w + 1. Let t be a(5). Let k(j) = 3*j**2 + 3*j - 2. What is the remainder when k(t) is divided by 9?
7
Suppose 15*f + 4*f = 76. What is the remainder when 34 is divided by f?
2
Suppose 5*h - 3*w = 329, -h + 4*w = 2*h - 193. What is the remainder when h is divided by 10?
7
Let a(o) = o**3 - 37*o**2 - 37*o - 18. Suppose -34 - 52 = -k - 3*u, 5*u = 2*k - 139. Calculate the remainder when k is divided by a(38).
17
Let j(o) = -o**3 + 3*o**2 + 5*o. Calculate the remainder when j(-3) is divided by 21.
18
Let v = -6 + 9. Suppose -q - 160 = -v*z, -4*q - 88 - 128 = -4*z. Suppose 4*d + 25 = 4*f + 85, 5*d + 2*f - 68 = 0. What is the remainder when z is divided by d?
11
Suppose -s = -4*s. Suppose -m - 3*h + s*h = -19, 54 = 2*m - 2*h. Let f = 520 - 506. Calculate the remainder when m is divided by f.
11
Let w(x) = x**2 + 5*x - 6. Let m be w(-5). Let v = 12 + m. What is the remainder when v is divided by 3?
0
Let j = 0 + -3. What is the remainder when j/6*-18 - 1 is divided by 5?
3
Let u = -15 - -38. Suppose -4*x - 282 = 5*n, -x - 3*n + 19 - 86 = 0. Let w = x + 141. Calculate the remainder when w is divided by u.
22
Suppose 0 = -3*p + 5*p + 32. Let q = -11 - p. Let r = 10 - 7. Calculate the remainder when q is divided by r.
2
Let w = 5 + 12. Calculate the remainder when 67 is divided by w.
16
Let f = -54 + 108. Let i(g) = 9*g + 1. Calculate the remainder when f is divided by i(3).
26
Suppose -4*g = -40 - 44. What is the remainder when 62 is divided by g?
20
Let b = -6 - -15. Suppose 3*k + 1 = 10, -k = 5*q - 123. Calculate the remainder when q is divided by b.
6
Let q = -17 - -38. Suppose -4 - q = -5*k. What is the remainder when (-60)/(-9)*(-1 - 11/(-5)) is divided by k?
3
Suppose -c = -4*h - 117, -3*c - 5*h + 2*h = -276. Calculate the remainder when c is divided by 26.
19
Let q be (-10)/(-6) + 8/(-12). Let k be q/4 + 7/4. Suppose k*r + 2*r - 24 = 0. Calculate the remainder when 16 is divided by r.
4
Let h(w) = 2*w**3 - 2*w**2 - 2*w. Let n be h(2). Suppose -5*s - 25 = 0, -5*s = -n*q - 3*s - 262. What is the remainder when 3/9 + q/(-3) is divided by 8?
7
Let m(b) = b**2 - b + 1. Suppose 1 = 5*n - 4. What is the remainder when m(2) is divided by n?
0
Let d be (-4 - -7)*1 - 3. Suppose -5*t + 60 - 5 = d. Calculate the remainder when 21 is divided by t.
10
Calculate the remainder when (-12)/(-9)*(10 - 1) is divided by 4.
0
Let i = 45 + -19. What is the remainder when 101 is divided by i?
23
Let t(m) = m + 4 - 3 + 2 + 0. What is the remainder when 3 is divided by t(0)?
0
Let l(t) = -t + 5. Let h be l(5). Let a = h - -5. Suppose a*j - 25 = -o + 254, -47 = -j + 2*o. Calculate the remainder when j is divided by 19.
17
Let i(l) = l**2 + 2*l - 48. Calculate the remainder when 43 is divided by i(-9).
13
Let y = 63 - 34. What is the remainder when y is divided by 10?
9
Suppose -5 = -5*w + 3*i, -w + 4*i = -0*w - 18. Let r be 1/w - (-9)/2. Suppose 5*s - 56 = r. Calculate the remainder when s is divided by 7.
5
Suppose -5*b = 2*g + 13, b + 5*g + 0 - 2 = 0. Suppose -3*l + 4 = -5*l. What is the remainder when 22 is divided by (l/b)/((-3)/(-27))?
4
Suppose -4*p - 12 = -6*p. What is the remainder when 19 is divided by p?
1
Suppose 3*v - 2*v = 0. Suppose -i - 1 = -4*n, -i - 5*n + 0 + 8 = v. What is the remainder when 4 is divided by i?
1
Suppose -4*b + 318 = 2*s - 0*s, -174 = -2*b + 4*s. Let i be b - -3*3/(-9). Suppose 16 = -4*v + i. Calculate the remainder when 30 is divided by v.
14
Suppose -2*h - 36 = -5*h. Let x = h + 5. Let u(g) = -g**3 + 9. What is the remainder when x is divided by u(0)?
8
Let w = 5 + -7. Let r(p) = -4*p. Let o be r(w). Suppose f - 8 = o. What is the remainder when f is divided by 9?
7
Suppose -2*l - 120 = -n, -5*l + 10*l - 585 = -5*n. Calculate the remainder when n is divided by 30.
28
What is the remainder when 58/8 + 19/(-76) is divided by 6?
1
Let r(m) = 2*m**2 + 11*m. Calculate the remainder when r(-9) is divided by 11.
8
Let g(a) = 3*a**2 - 33*a - 10. What is the remainder when g(12) is divided by 14?
12
Let x = 23 - 7. Suppose x = 5*j - 9. Suppose j*r = r + 28. Calculate the remainder when 13 is divided by r.
6
Let a = -9 - -91. What is the remainder when a is divided by 12?
10
Suppose -z + 6*z - 23 = -o, 3*o + 2*z - 17 = 0. What is the remainder when 12 is divided by o?
0
Suppose 5*b = b + 16. Suppose 5*f = -x + 38, 3*f + f - b*x = 16. Suppose -7 - f = -m. What is the remainder when 26 is divided by m?
12
Let m be (36 - (-1 + -1)) + -2. Let x = m - 22. Calculate the remainder when x is divided by ((-8)/10)/(10/(-100)).
6
Let r = -173 - -288. Let a = r - 78. What is the remainder when a is divided by 10?
7
Let m be 1 + 2 + 0 + 53. Suppose m = 3*t + 5*c, -87 = -5*t - 2*c - 0*c. What is the remainder when 33 is divided by t?
16
Calculate the remainder when 67 is divided by ((-42)/(-4))/(30/40).
11
Let s(x) = x**3 - 7*x**2 + 7*x - 7. Let k be s(6). What is the remainder when (4/(-5))/((6/(-5))/3) is divided by k/((-1)/4*2)?
0
Suppose -3*o = 74 - 218. What is the remainder when o is divided by 13?
9
Let j(z) = 2*z + z**3 - 9 - z - 6*z - 6*z**2. Let r be j(7). Suppose -4*u = -2*k - 12, -2*k + r = 3*k - 3*u. Calculate the remainder when k is divided by 2.
0
Let g(h) = 3*h**3 - h**2 + h. Calculate the remainder when 10 is divided b